{"id":21929,"date":"2025-01-15T11:49:01","date_gmt":"2025-01-15T16:49:01","guid":{"rendered":"https:\/\/unifa-edu.info\/contenu\/?page_id=21929"},"modified":"2025-03-10T09:55:04","modified_gmt":"2025-03-10T13:55:04","slug":"bibliotheque","status":"publish","type":"page","link":"https:\/\/unifa-edu.info\/contenu\/bibliotheque\/","title":{"rendered":"Biblioth\u00e8que"},"content":{"rendered":"<p style=\"text-align: center;\"><strong>Liens vers des vid\u00e9os et articles<\/strong><\/p>\n<p><a href=\"https:\/\/dodleysevere.com\/\">https:\/\/dodleysevere.com\/<\/a><\/p>\n<p><a href=\"https:\/\/www.instagram.com\/reel\/DEp73g6Orgu\/?igsh=MXZ0NzNkanhpZ3V0NQ==\">https:\/\/www.instagram.com\/reel\/DEp73g6Orgu\/?igsh=MXZ0NzNkanhpZ3V0NQ==<\/a><\/p>\n<p><a href=\"https:\/\/www.instagram.com\/reel\/DEYtWF8IJmu\/?igsh=YjExbDhidzY2dzNq\">https:\/\/www.instagram.com\/reel\/DEYtWF8IJmu\/?igsh=YjExbDhidzY2dzNq<\/a><\/p>\n<p><a href=\"https:\/\/www.instagram.com\/reel\/DDXNtKvNrR6\/?igsh=MTBucDhsNGc5ejN6cg==\">https:\/\/www.instagram.com\/reel\/DDXNtKvNrR6\/?igsh=MTBucDhsNGc5ejN6cg==<\/a><\/p>\n<p>&nbsp;<\/p>\n<hr \/>\n<p style=\"text-align: center;\"><strong>Documents\u00a0<\/strong><\/p>\n<p><a href=\"http:\/\/&lt;a href=&quot;&quot;https:\/\/unifa-edu.info\/contenu\/wp-content\/uploads\/2025\/01\/The-Harriet-Lane-Handbook-23-ed-2023.pdf&quot;&quot; class=&quot;pdfemb-viewer&quot; style=&quot;&quot; data-width=&quot;max&quot; data-height=&quot;max&quot;  data-toolbar=&quot;bottom&quot; data-toolbar-fixed=&quot;on&quot;&gt;&quot;The&lt;br\/&gt;&lt;\/a&gt;\"><a href=\"https:\/\/unifa-edu.info\/contenu\/wp-content\/uploads\/2025\/01\/The-Harriet-Lane-Handbook-23-ed-2023.pdf\" class=\"pdfemb-viewer\" style=\"\" data-width=\"max\" data-height=\"max\"  data-toolbar=\"bottom\" data-toolbar-fixed=\"on\">The Harriet Lane Handbook 23 ed - 2023<br\/><\/a><\/a><\/p>\n<p><a href=\"http:\/\/&lt;a href=&quot;&quot;https:\/\/unifa-edu.info\/contenu\/wp-content\/uploads\/2025\/01\/Red-Book-2024-2027-33rd-ed.pdf&quot;&quot; class=&quot;pdfemb-viewer&quot; style=&quot;&quot; data-width=&quot;max&quot; data-height=&quot;max&quot;  data-toolbar=&quot;bottom&quot; data-toolbar-fixed=&quot;on&quot;&gt;&quot;Red&lt;br\/&gt;&lt;\/a&gt;\"><a href=\"https:\/\/unifa-edu.info\/contenu\/wp-content\/uploads\/2025\/01\/Red-Book-2024-2027-33rd-ed.pdf\" class=\"pdfemb-viewer\" style=\"\" data-width=\"max\" data-height=\"max\"  data-toolbar=\"bottom\" data-toolbar-fixed=\"on\">Red Book 2024-2027 33rd ed<br\/><\/a><\/a><\/p>\n<p><a href=\"http:\/\/&lt;a href=&quot;&quot;https:\/\/unifa-edu.info\/contenu\/wp-content\/uploads\/2025\/01\/Abreges-pediatrie-en-maternite1-1.pdf&quot;&quot; class=&quot;pdfemb-viewer&quot; style=&quot;&quot; data-width=&quot;max&quot; data-height=&quot;max&quot;  data-toolbar=&quot;bottom&quot; data-toolbar-fixed=&quot;on&quot;&gt;&quot;Abre\u0301ge\u0301s&lt;br\/&gt;&lt;\/a&gt;\"><a href=\"https:\/\/unifa-edu.info\/contenu\/wp-content\/uploads\/2025\/01\/Abreges-pediatrie-en-maternite1-1.pdf\" class=\"pdfemb-viewer\" style=\"\" data-width=\"max\" data-height=\"max\"  data-toolbar=\"bottom\" data-toolbar-fixed=\"on\">Abre\u0301ge\u0301s pe\u0301diatrie en maternite\u03011-1<br\/><\/a><\/a><\/p>\n","protected":false},"excerpt":{"rendered":"<p>Liens vers des vid\u00e9os et articles https:\/\/dodleysevere.com\/ https:\/\/www.instagram.com\/reel\/DEp73g6Orgu\/?igsh=MXZ0NzNkanhpZ3V0NQ== https:\/\/www.instagram.com\/reel\/DEYtWF8IJmu\/?igsh=YjExbDhidzY2dzNq https:\/\/www.instagram.com\/reel\/DDXNtKvNrR6\/?igsh=MTBucDhsNGc5ejN6cg== &nbsp; Documents\u00a0<\/p>\n","protected":false},"author":3832,"featured_media":0,"parent":0,"menu_order":0,"comment_status":"closed","ping_status":"closed","template":"","meta":{"footnotes":""},"class_list":["post-21929","page","type-page","status-publish","hentry"],"yoast_head":"<!-- This site is optimized with the Yoast SEO plugin v27.3 - https:\/\/yoast.com\/product\/yoast-seo-wordpress\/ -->\n<title>Biblioth\u00e8que - Universit\u00e9 de la Fondation Dr Aristide<\/title>\n<meta name=\"robots\" content=\"index, follow, max-snippet:-1, max-image-preview:large, max-video-preview:-1\" \/>\n<link rel=\"canonical\" href=\"https:\/\/unifa-edu.info\/contenu\/bibliotheque\/\" \/>\n<meta property=\"og:locale\" content=\"fr_FR\" \/>\n<meta property=\"og:type\" content=\"article\" \/>\n<meta property=\"og:title\" content=\"Biblioth\u00e8que - Universit\u00e9 de la Fondation Dr Aristide\" \/>\n<meta property=\"og:description\" content=\"Liens vers des vid\u00e9os et articles https:\/\/dodleysevere.com\/ https:\/\/www.instagram.com\/reel\/DEp73g6Orgu\/?igsh=MXZ0NzNkanhpZ3V0NQ== https:\/\/www.instagram.com\/reel\/DEYtWF8IJmu\/?igsh=YjExbDhidzY2dzNq https:\/\/www.instagram.com\/reel\/DDXNtKvNrR6\/?igsh=MTBucDhsNGc5ejN6cg== &nbsp; Documents\u00a0\" \/>\n<meta property=\"og:url\" content=\"https:\/\/unifa-edu.info\/contenu\/bibliotheque\/\" \/>\n<meta property=\"og:site_name\" content=\"Universit\u00e9 de la Fondation Dr Aristide\" \/>\n<meta property=\"article:modified_time\" content=\"2025-03-10T13:55:04+00:00\" \/>\n<meta name=\"twitter:card\" content=\"summary_large_image\" \/>\n<meta name=\"twitter:label1\" content=\"Dur\u00e9e de lecture estim\u00e9e\" \/>\n\t<meta name=\"twitter:data1\" content=\"1 minute\" \/>\n<script type=\"application\/ld+json\" class=\"yoast-schema-graph\">{\"@context\":\"https:\\\/\\\/schema.org\",\"@graph\":[{\"@type\":\"WebPage\",\"@id\":\"https:\\\/\\\/unifa-edu.info\\\/contenu\\\/bibliotheque\\\/\",\"url\":\"https:\\\/\\\/unifa-edu.info\\\/contenu\\\/bibliotheque\\\/\",\"name\":\"Biblioth\u00e8que - Universit\u00e9 de la Fondation Dr Aristide\",\"isPartOf\":{\"@id\":\"https:\\\/\\\/unifa-edu.info\\\/contenu\\\/#website\"},\"datePublished\":\"2025-01-15T16:49:01+00:00\",\"dateModified\":\"2025-03-10T13:55:04+00:00\",\"breadcrumb\":{\"@id\":\"https:\\\/\\\/unifa-edu.info\\\/contenu\\\/bibliotheque\\\/#breadcrumb\"},\"inLanguage\":\"fr-FR\",\"potentialAction\":[{\"@type\":\"ReadAction\",\"target\":[\"https:\\\/\\\/unifa-edu.info\\\/contenu\\\/bibliotheque\\\/\"]}]},{\"@type\":\"BreadcrumbList\",\"@id\":\"https:\\\/\\\/unifa-edu.info\\\/contenu\\\/bibliotheque\\\/#breadcrumb\",\"itemListElement\":[{\"@type\":\"ListItem\",\"position\":1,\"name\":\"Accueil\",\"item\":\"https:\\\/\\\/unifa-edu.info\\\/contenu\\\/\"},{\"@type\":\"ListItem\",\"position\":2,\"name\":\"Biblioth\u00e8que\"}]},{\"@type\":\"WebSite\",\"@id\":\"https:\\\/\\\/unifa-edu.info\\\/contenu\\\/#website\",\"url\":\"https:\\\/\\\/unifa-edu.info\\\/contenu\\\/\",\"name\":\"Universit\u00e9 de la Fondation Dr Aristide\",\"description\":\"\",\"potentialAction\":[{\"@type\":\"SearchAction\",\"target\":{\"@type\":\"EntryPoint\",\"urlTemplate\":\"https:\\\/\\\/unifa-edu.info\\\/contenu\\\/?s={search_term_string}\"},\"query-input\":{\"@type\":\"PropertyValueSpecification\",\"valueRequired\":true,\"valueName\":\"search_term_string\"}}],\"inLanguage\":\"fr-FR\"}]}<\/script>\n<!-- \/ Yoast SEO plugin. -->","yoast_head_json":{"title":"Biblioth\u00e8que - Universit\u00e9 de la Fondation Dr Aristide","robots":{"index":"index","follow":"follow","max-snippet":"max-snippet:-1","max-image-preview":"max-image-preview:large","max-video-preview":"max-video-preview:-1"},"canonical":"https:\/\/unifa-edu.info\/contenu\/bibliotheque\/","og_locale":"fr_FR","og_type":"article","og_title":"Biblioth\u00e8que - Universit\u00e9 de la Fondation Dr Aristide","og_description":"Liens vers des vid\u00e9os et articles https:\/\/dodleysevere.com\/ https:\/\/www.instagram.com\/reel\/DEp73g6Orgu\/?igsh=MXZ0NzNkanhpZ3V0NQ== https:\/\/www.instagram.com\/reel\/DEYtWF8IJmu\/?igsh=YjExbDhidzY2dzNq https:\/\/www.instagram.com\/reel\/DDXNtKvNrR6\/?igsh=MTBucDhsNGc5ejN6cg== &nbsp; Documents\u00a0","og_url":"https:\/\/unifa-edu.info\/contenu\/bibliotheque\/","og_site_name":"Universit\u00e9 de la Fondation Dr Aristide","article_modified_time":"2025-03-10T13:55:04+00:00","twitter_card":"summary_large_image","twitter_misc":{"Dur\u00e9e de lecture estim\u00e9e":"1 minute"},"schema":{"@context":"https:\/\/schema.org","@graph":[{"@type":"WebPage","@id":"https:\/\/unifa-edu.info\/contenu\/bibliotheque\/","url":"https:\/\/unifa-edu.info\/contenu\/bibliotheque\/","name":"Biblioth\u00e8que - Universit\u00e9 de la Fondation Dr Aristide","isPartOf":{"@id":"https:\/\/unifa-edu.info\/contenu\/#website"},"datePublished":"2025-01-15T16:49:01+00:00","dateModified":"2025-03-10T13:55:04+00:00","breadcrumb":{"@id":"https:\/\/unifa-edu.info\/contenu\/bibliotheque\/#breadcrumb"},"inLanguage":"fr-FR","potentialAction":[{"@type":"ReadAction","target":["https:\/\/unifa-edu.info\/contenu\/bibliotheque\/"]}]},{"@type":"BreadcrumbList","@id":"https:\/\/unifa-edu.info\/contenu\/bibliotheque\/#breadcrumb","itemListElement":[{"@type":"ListItem","position":1,"name":"Accueil","item":"https:\/\/unifa-edu.info\/contenu\/"},{"@type":"ListItem","position":2,"name":"Biblioth\u00e8que"}]},{"@type":"WebSite","@id":"https:\/\/unifa-edu.info\/contenu\/#website","url":"https:\/\/unifa-edu.info\/contenu\/","name":"Universit\u00e9 de la Fondation Dr Aristide","description":"","potentialAction":[{"@type":"SearchAction","target":{"@type":"EntryPoint","urlTemplate":"https:\/\/unifa-edu.info\/contenu\/?s={search_term_string}"},"query-input":{"@type":"PropertyValueSpecification","valueRequired":true,"valueName":"search_term_string"}}],"inLanguage":"fr-FR"}]}},"_links":{"self":[{"href":"https:\/\/unifa-edu.info\/contenu\/wp-json\/wp\/v2\/pages\/21929","targetHints":{"allow":["GET"]}}],"collection":[{"href":"https:\/\/unifa-edu.info\/contenu\/wp-json\/wp\/v2\/pages"}],"about":[{"href":"https:\/\/unifa-edu.info\/contenu\/wp-json\/wp\/v2\/types\/page"}],"author":[{"embeddable":true,"href":"https:\/\/unifa-edu.info\/contenu\/wp-json\/wp\/v2\/users\/3832"}],"replies":[{"embeddable":true,"href":"https:\/\/unifa-edu.info\/contenu\/wp-json\/wp\/v2\/comments?post=21929"}],"version-history":[{"count":19,"href":"https:\/\/unifa-edu.info\/contenu\/wp-json\/wp\/v2\/pages\/21929\/revisions"}],"predecessor-version":[{"id":22217,"href":"https:\/\/unifa-edu.info\/contenu\/wp-json\/wp\/v2\/pages\/21929\/revisions\/22217"}],"wp:attachment":[{"href":"https:\/\/unifa-edu.info\/contenu\/wp-json\/wp\/v2\/media?parent=21929"}],"curies":[{"name":"wp","href":"https:\/\/api.w.org\/{rel}","templated":true}]}}