{"id":9712,"date":"2020-09-30T12:49:04","date_gmt":"2020-09-30T16:49:04","guid":{"rendered":"https:\/\/unifa-edu.info\/contenu\/?page_id=9712"},"modified":"2025-11-13T19:36:24","modified_gmt":"2025-11-14T00:36:24","slug":"calendrier-annee-academique-2019-2020","status":"publish","type":"page","link":"https:\/\/unifa-edu.info\/contenu\/mon-unifa\/calendrier-annee-academique-2019-2020\/","title":{"rendered":"Calendrier 2025-2026"},"content":{"rendered":"<h3 style=\"text-align: center; font-weight: bold;\"><\/h3>\n<h2><strong>\u00a0<\/strong><\/h2>\n<h2 style=\"text-align: center;\"><strong>PREMI\u00c8RE SESSION <\/strong><\/h2>\n<p>La rentr\u00e9e universitaire est fix\u00e9e au mercredi 1<sup>er<\/sup> Octobre 2025.<\/p>\n<p><strong>Premi\u00e8re session\u00a0: 1<sup>er<\/sup> Octobre 2025 &#8211; 17 Janvier 2026.<\/strong><\/p>\n<ul>\n<li>Cong\u00e9s : Vendredi 17 Octobre 2025 ; samedi 1<sup>er<\/sup> Novembre 2025\u00a0; mardi 18 novembre 2025.<\/li>\n<\/ul>\n<ul>\n<li>C\u00e9l\u00e9bration de la Dignit\u00e9\u00a0: Vendredi 19 D\u00e9cembre 2025.<\/li>\n<li>Cong\u00e9\u00a0lundi 22 D\u00e9cembre 2025 \u2013 lundi 5 Janvier 2026.<\/li>\n<li>La premi\u00e8re session reprend le lundi 5 Janvier 2026 et se termine le samedi 17 Janvier 2026.<\/li>\n<\/ul>\n<p style=\"text-align: center;\"><strong>P\u00e9riode des examens de la premi\u00e8re session\u00a0: <\/strong><\/p>\n<p style=\"text-align: center;\"><strong>Lundi 26 Janvier 2026 au samedi 31 Janvier 2026.<\/strong><\/p>\n<div style=\"padding-top: 20px; padding-bottom: 20px;\">\n<p><!--more--><\/p>\n<\/div>\n<p style=\"text-align: center;\"><strong><u>DEUXI\u00c8ME SESSION<\/u><\/strong><\/p>\n<p><strong>Deuxi\u00e8me session\u00a0: Lundi 2 F\u00e9vrier 2026 au \u00a0samedi 16 Mai 2026.<\/strong><\/p>\n<ul>\n<li>Cong\u00e9s\u00a0: Lundi 16 F\u00e9vrier\u00a0; mardi 17 F\u00e9vrier\u00a0; mercredi 18 F\u00e9vrier 2026\u00a0; vendredi 3 avril 2026.<\/li>\n<li>La semaine scientifique\u00a0: Lundi 18 Mai au samedi 23 Mai 2026.<\/li>\n<li>L\u2019examen de connaissances g\u00e9n\u00e9rales\u00a0: Mercredi 27 Mai 2026.<\/li>\n<\/ul>\n<p><strong>P\u00e9riode des examens de la deuxi\u00e8me session\u00a0: Lundi 1<sup>er<\/sup> Juin au samedi 6 Juin 2026.<\/strong><\/p>\n<ul>\n<li>L\u2019\u00e9valuation de l\u2019ann\u00e9e acad\u00e9mique\u00a0: Lundi 8 Juin 2026.<\/li>\n<\/ul>\n<h3 style=\"text-align: center;\">L\u2019ann\u00e9e acad\u00e9mique s\u2019ach\u00e8vera le mardi 30 Juin 2026.<\/h3>\n","protected":false},"excerpt":{"rendered":"<p>\u00a0 PREMI\u00c8RE SESSION La rentr\u00e9e universitaire est fix\u00e9e au mercredi 1er Octobre 2025. Premi\u00e8re session\u00a0: 1er Octobre 2025 &#8211; 17 Janvier 2026. Cong\u00e9s : Vendredi 17 Octobre 2025 ; samedi 1er Novembre 2025\u00a0; mardi 18 novembre 2025. C\u00e9l\u00e9bration de la Dignit\u00e9\u00a0: Vendredi 19 D\u00e9cembre 2025. Cong\u00e9\u00a0lundi 22 D\u00e9cembre 2025 \u2013 lundi 5 Janvier 2026. La lire &hellip; <a href=\"https:\/\/unifa-edu.info\/contenu\/mon-unifa\/calendrier-annee-academique-2019-2020\/\">Continue reading <span class=\"meta-nav\">&rarr;<\/span><\/a><\/p>\n","protected":false},"author":3831,"featured_media":0,"parent":558,"menu_order":3,"comment_status":"closed","ping_status":"closed","template":"","meta":{"footnotes":""},"class_list":["post-9712","page","type-page","status-publish","hentry"],"yoast_head":"<!-- This site is optimized with the Yoast SEO plugin v27.4 - https:\/\/yoast.com\/product\/yoast-seo-wordpress\/ -->\n<title>Calendrier 2025-2026 - Universit\u00e9 de la Fondation Dr Aristide<\/title>\n<meta name=\"robots\" content=\"index, follow, max-snippet:-1, max-image-preview:large, max-video-preview:-1\" \/>\n<link rel=\"canonical\" href=\"https:\/\/unifa-edu.info\/contenu\/mon-unifa\/calendrier-annee-academique-2019-2020\/\" \/>\n<meta property=\"og:locale\" content=\"fr_FR\" \/>\n<meta property=\"og:type\" content=\"article\" \/>\n<meta property=\"og:title\" content=\"Calendrier 2025-2026 - Universit\u00e9 de la Fondation Dr Aristide\" \/>\n<meta property=\"og:description\" content=\"\u00a0 PREMI\u00c8RE SESSION La rentr\u00e9e universitaire est fix\u00e9e au mercredi 1er Octobre 2025. Premi\u00e8re session\u00a0: 1er Octobre 2025 &#8211; 17 Janvier 2026. Cong\u00e9s : Vendredi 17 Octobre 2025 ; samedi 1er Novembre 2025\u00a0; mardi 18 novembre 2025. C\u00e9l\u00e9bration de la Dignit\u00e9\u00a0: Vendredi 19 D\u00e9cembre 2025. Cong\u00e9\u00a0lundi 22 D\u00e9cembre 2025 \u2013 lundi 5 Janvier 2026. La lire &hellip; Continue reading &rarr;\" \/>\n<meta property=\"og:url\" content=\"https:\/\/unifa-edu.info\/contenu\/mon-unifa\/calendrier-annee-academique-2019-2020\/\" \/>\n<meta property=\"og:site_name\" content=\"Universit\u00e9 de la Fondation Dr Aristide\" \/>\n<meta property=\"article:modified_time\" content=\"2025-11-14T00:36:24+00:00\" \/>\n<meta name=\"twitter:card\" content=\"summary_large_image\" \/>\n<meta name=\"twitter:label1\" content=\"Dur\u00e9e de lecture estim\u00e9e\" \/>\n\t<meta name=\"twitter:data1\" content=\"1 minute\" \/>\n<script type=\"application\/ld+json\" class=\"yoast-schema-graph\">{\"@context\":\"https:\\\/\\\/schema.org\",\"@graph\":[{\"@type\":\"WebPage\",\"@id\":\"https:\\\/\\\/unifa-edu.info\\\/contenu\\\/mon-unifa\\\/calendrier-annee-academique-2019-2020\\\/\",\"url\":\"https:\\\/\\\/unifa-edu.info\\\/contenu\\\/mon-unifa\\\/calendrier-annee-academique-2019-2020\\\/\",\"name\":\"Calendrier 2025-2026 - Universit\u00e9 de la Fondation Dr Aristide\",\"isPartOf\":{\"@id\":\"https:\\\/\\\/unifa-edu.info\\\/contenu\\\/#website\"},\"datePublished\":\"2020-09-30T16:49:04+00:00\",\"dateModified\":\"2025-11-14T00:36:24+00:00\",\"breadcrumb\":{\"@id\":\"https:\\\/\\\/unifa-edu.info\\\/contenu\\\/mon-unifa\\\/calendrier-annee-academique-2019-2020\\\/#breadcrumb\"},\"inLanguage\":\"fr-FR\",\"potentialAction\":[{\"@type\":\"ReadAction\",\"target\":[\"https:\\\/\\\/unifa-edu.info\\\/contenu\\\/mon-unifa\\\/calendrier-annee-academique-2019-2020\\\/\"]}]},{\"@type\":\"BreadcrumbList\",\"@id\":\"https:\\\/\\\/unifa-edu.info\\\/contenu\\\/mon-unifa\\\/calendrier-annee-academique-2019-2020\\\/#breadcrumb\",\"itemListElement\":[{\"@type\":\"ListItem\",\"position\":1,\"name\":\"Accueil\",\"item\":\"https:\\\/\\\/unifa-edu.info\\\/contenu\\\/\"},{\"@type\":\"ListItem\",\"position\":2,\"name\":\"Mon UNIFA\",\"item\":\"https:\\\/\\\/unifa-edu.info\\\/contenu\\\/mon-unifa\\\/\"},{\"@type\":\"ListItem\",\"position\":3,\"name\":\"Calendrier 2025-2026\"}]},{\"@type\":\"WebSite\",\"@id\":\"https:\\\/\\\/unifa-edu.info\\\/contenu\\\/#website\",\"url\":\"https:\\\/\\\/unifa-edu.info\\\/contenu\\\/\",\"name\":\"Universit\u00e9 de la Fondation Dr Aristide\",\"description\":\"\",\"potentialAction\":[{\"@type\":\"SearchAction\",\"target\":{\"@type\":\"EntryPoint\",\"urlTemplate\":\"https:\\\/\\\/unifa-edu.info\\\/contenu\\\/?s={search_term_string}\"},\"query-input\":{\"@type\":\"PropertyValueSpecification\",\"valueRequired\":true,\"valueName\":\"search_term_string\"}}],\"inLanguage\":\"fr-FR\"}]}<\/script>\n<!-- \/ Yoast SEO plugin. -->","yoast_head_json":{"title":"Calendrier 2025-2026 - Universit\u00e9 de la Fondation Dr Aristide","robots":{"index":"index","follow":"follow","max-snippet":"max-snippet:-1","max-image-preview":"max-image-preview:large","max-video-preview":"max-video-preview:-1"},"canonical":"https:\/\/unifa-edu.info\/contenu\/mon-unifa\/calendrier-annee-academique-2019-2020\/","og_locale":"fr_FR","og_type":"article","og_title":"Calendrier 2025-2026 - Universit\u00e9 de la Fondation Dr Aristide","og_description":"\u00a0 PREMI\u00c8RE SESSION La rentr\u00e9e universitaire est fix\u00e9e au mercredi 1er Octobre 2025. Premi\u00e8re session\u00a0: 1er Octobre 2025 &#8211; 17 Janvier 2026. Cong\u00e9s : Vendredi 17 Octobre 2025 ; samedi 1er Novembre 2025\u00a0; mardi 18 novembre 2025. C\u00e9l\u00e9bration de la Dignit\u00e9\u00a0: Vendredi 19 D\u00e9cembre 2025. Cong\u00e9\u00a0lundi 22 D\u00e9cembre 2025 \u2013 lundi 5 Janvier 2026. La lire &hellip; Continue reading &rarr;","og_url":"https:\/\/unifa-edu.info\/contenu\/mon-unifa\/calendrier-annee-academique-2019-2020\/","og_site_name":"Universit\u00e9 de la Fondation Dr Aristide","article_modified_time":"2025-11-14T00:36:24+00:00","twitter_card":"summary_large_image","twitter_misc":{"Dur\u00e9e de lecture estim\u00e9e":"1 minute"},"schema":{"@context":"https:\/\/schema.org","@graph":[{"@type":"WebPage","@id":"https:\/\/unifa-edu.info\/contenu\/mon-unifa\/calendrier-annee-academique-2019-2020\/","url":"https:\/\/unifa-edu.info\/contenu\/mon-unifa\/calendrier-annee-academique-2019-2020\/","name":"Calendrier 2025-2026 - Universit\u00e9 de la Fondation Dr Aristide","isPartOf":{"@id":"https:\/\/unifa-edu.info\/contenu\/#website"},"datePublished":"2020-09-30T16:49:04+00:00","dateModified":"2025-11-14T00:36:24+00:00","breadcrumb":{"@id":"https:\/\/unifa-edu.info\/contenu\/mon-unifa\/calendrier-annee-academique-2019-2020\/#breadcrumb"},"inLanguage":"fr-FR","potentialAction":[{"@type":"ReadAction","target":["https:\/\/unifa-edu.info\/contenu\/mon-unifa\/calendrier-annee-academique-2019-2020\/"]}]},{"@type":"BreadcrumbList","@id":"https:\/\/unifa-edu.info\/contenu\/mon-unifa\/calendrier-annee-academique-2019-2020\/#breadcrumb","itemListElement":[{"@type":"ListItem","position":1,"name":"Accueil","item":"https:\/\/unifa-edu.info\/contenu\/"},{"@type":"ListItem","position":2,"name":"Mon UNIFA","item":"https:\/\/unifa-edu.info\/contenu\/mon-unifa\/"},{"@type":"ListItem","position":3,"name":"Calendrier 2025-2026"}]},{"@type":"WebSite","@id":"https:\/\/unifa-edu.info\/contenu\/#website","url":"https:\/\/unifa-edu.info\/contenu\/","name":"Universit\u00e9 de la Fondation Dr Aristide","description":"","potentialAction":[{"@type":"SearchAction","target":{"@type":"EntryPoint","urlTemplate":"https:\/\/unifa-edu.info\/contenu\/?s={search_term_string}"},"query-input":{"@type":"PropertyValueSpecification","valueRequired":true,"valueName":"search_term_string"}}],"inLanguage":"fr-FR"}]}},"_links":{"self":[{"href":"https:\/\/unifa-edu.info\/contenu\/wp-json\/wp\/v2\/pages\/9712","targetHints":{"allow":["GET"]}}],"collection":[{"href":"https:\/\/unifa-edu.info\/contenu\/wp-json\/wp\/v2\/pages"}],"about":[{"href":"https:\/\/unifa-edu.info\/contenu\/wp-json\/wp\/v2\/types\/page"}],"author":[{"embeddable":true,"href":"https:\/\/unifa-edu.info\/contenu\/wp-json\/wp\/v2\/users\/3831"}],"replies":[{"embeddable":true,"href":"https:\/\/unifa-edu.info\/contenu\/wp-json\/wp\/v2\/comments?post=9712"}],"version-history":[{"count":18,"href":"https:\/\/unifa-edu.info\/contenu\/wp-json\/wp\/v2\/pages\/9712\/revisions"}],"predecessor-version":[{"id":25447,"href":"https:\/\/unifa-edu.info\/contenu\/wp-json\/wp\/v2\/pages\/9712\/revisions\/25447"}],"up":[{"embeddable":true,"href":"https:\/\/unifa-edu.info\/contenu\/wp-json\/wp\/v2\/pages\/558"}],"wp:attachment":[{"href":"https:\/\/unifa-edu.info\/contenu\/wp-json\/wp\/v2\/media?parent=9712"}],"curies":[{"name":"wp","href":"https:\/\/api.w.org\/{rel}","templated":true}]}}

<h3 style="text-align: center; font-weight: bold;"></h3>
<h2><strong> </strong></h2>
<h2 style="text-align: center;"><strong>PREMIÈRE SESSION </strong></h2>
<p>La rentrée universitaire est fixée au mercredi 1<sup>er</sup> Octobre 2025.</p>
<p><strong>Première session : 1<sup>er</sup> Octobre 2025 &#8211; 17 Janvier 2026.</strong></p>
<ul>
<li>Congés : Vendredi 17 Octobre 2025 ; samedi 1<sup>er</sup> Novembre 2025 ; mardi 18 novembre 2025.</li>
</ul>
<ul>
<li>Célébration de la Dignité : Vendredi 19 Décembre 2025.</li>
<li>Congé lundi 22 Décembre 2025 – lundi 5 Janvier 2026.</li>
<li>La première session reprend le lundi 5 Janvier 2026 et se termine le samedi 17 Janvier 2026.</li>
</ul>
<p style="text-align: center;"><strong>Période des examens de la première session : </strong></p>
<p style="text-align: center;"><strong>Lundi 26 Janvier 2026 au samedi 31 Janvier 2026.</strong></p>
<div style="padding-top: 20px; padding-bottom: 20px;">
<p><!--more--></p>
</div>
<p style="text-align: center;"><strong><u>DEUXIÈME SESSION</u></strong></p>
<p><strong>Deuxième session : Lundi 2 Février 2026 au  samedi 16 Mai 2026.</strong></p>
<ul>
<li>Congés : Lundi 16 Février ; mardi 17 Février ; mercredi 18 Février 2026 ; vendredi 3 avril 2026.</li>
<li>La semaine scientifique : Lundi 18 Mai au samedi 23 Mai 2026.</li>
<li>L’examen de connaissances générales : Mercredi 27 Mai 2026.</li>
</ul>
<p><strong>Période des examens de la deuxième session : Lundi 1<sup>er</sup> Juin au samedi 6 Juin 2026.</strong></p>
<ul>
<li>L’évaluation de l’année académique : Lundi 8 Juin 2026.</li>
</ul>
<h3 style="text-align: center;">L’année académique s’achèvera le mardi 30 Juin 2026.</h3>

<p>  PREMIÈRE SESSION La rentrée universitaire est fixée au mercredi 1er Octobre 2025. Première session : 1er Octobre 2025 &#8211; 17 Janvier 2026. Congés : Vendredi 17 Octobre 2025 ; samedi 1er Novembre 2025 ; mardi 18 novembre 2025. Célébration de la Dignité : Vendredi 19 Décembre 2025. Congé lundi 22 Décembre 2025 – lundi 5 Janvier 2026. La lire &hellip; <a href="https://unifa-edu.info/contenu/mon-unifa/calendrier-annee-academique-2019-2020/">Continue reading <span class="meta-nav">&rarr;</span></a></p>

<!-- This site is optimized with the Yoast SEO plugin v27.4 - https://yoast.com/product/yoast-seo-wordpress/ -->
<title>Calendrier 2025-2026 - Université de la Fondation Dr Aristide</title>
<meta name="robots" content="index, follow, max-snippet:-1, max-image-preview:large, max-video-preview:-1" />
<link rel="canonical" href="https://unifa-edu.info/contenu/mon-unifa/calendrier-annee-academique-2019-2020/" />
<meta property="og:locale" content="fr_FR" />
<meta property="og:type" content="article" />
<meta property="og:title" content="Calendrier 2025-2026 - Université de la Fondation Dr Aristide" />
<meta property="og:description" content="  PREMIÈRE SESSION La rentrée universitaire est fixée au mercredi 1er Octobre 2025. Première session : 1er Octobre 2025 &#8211; 17 Janvier 2026. Congés : Vendredi 17 Octobre 2025 ; samedi 1er Novembre 2025 ; mardi 18 novembre 2025. Célébration de la Dignité : Vendredi 19 Décembre 2025. Congé lundi 22 Décembre 2025 – lundi 5 Janvier 2026. La lire &hellip; Continue reading &rarr;" />
<meta property="og:url" content="https://unifa-edu.info/contenu/mon-unifa/calendrier-annee-academique-2019-2020/" />
<meta property="og:site_name" content="Université de la Fondation Dr Aristide" />
<meta property="article:modified_time" content="2025-11-14T00:36:24+00:00" />
<meta name="twitter:card" content="summary_large_image" />
<meta name="twitter:label1" content="Durée de lecture estimée" />
	<meta name="twitter:data1" content="1 minute" />
<script type="application/ld+json" class="yoast-schema-graph">{"@context":"https:\/\/schema.org","@graph":[{"@type":"WebPage","@id":"https:\/\/unifa-edu.info\/contenu\/mon-unifa\/calendrier-annee-academique-2019-2020\/","url":"https:\/\/unifa-edu.info\/contenu\/mon-unifa\/calendrier-annee-academique-2019-2020\/","name":"Calendrier 2025-2026 - Université de la Fondation Dr Aristide","isPartOf":{"@id":"https:\/\/unifa-edu.info\/contenu\/#website"},"datePublished":"2020-09-30T16:49:04+00:00","dateModified":"2025-11-14T00:36:24+00:00","breadcrumb":{"@id":"https:\/\/unifa-edu.info\/contenu\/mon-unifa\/calendrier-annee-academique-2019-2020\/#breadcrumb"},"inLanguage":"fr-FR","potentialAction":[{"@type":"ReadAction","target":["https:\/\/unifa-edu.info\/contenu\/mon-unifa\/calendrier-annee-academique-2019-2020\/"]}]},{"@type":"BreadcrumbList","@id":"https:\/\/unifa-edu.info\/contenu\/mon-unifa\/calendrier-annee-academique-2019-2020\/#breadcrumb","itemListElement":[{"@type":"ListItem","position":1,"name":"Accueil","item":"https:\/\/unifa-edu.info\/contenu\/"},{"@type":"ListItem","position":2,"name":"Mon UNIFA","item":"https:\/\/unifa-edu.info\/contenu\/mon-unifa\/"},{"@type":"ListItem","position":3,"name":"Calendrier 2025-2026"}]},{"@type":"WebSite","@id":"https:\/\/unifa-edu.info\/contenu\/#website","url":"https:\/\/unifa-edu.info\/contenu\/","name":"Université de la Fondation Dr Aristide","description":"","potentialAction":[{"@type":"SearchAction","target":{"@type":"EntryPoint","urlTemplate":"https:\/\/unifa-edu.info\/contenu\/?s={search_term_string}"},"query-input":{"@type":"PropertyValueSpecification","valueRequired":true,"valueName":"search_term_string"}}],"inLanguage":"fr-FR"}]}</script>
<!-- / Yoast SEO plugin. -->

Calendrier 2025-2026 - Université de la Fondation Dr Aristide

PREMIÈRE SESSION La rentrée universitaire est fixée au mercredi 1er Octobre 2025. Première session : 1er Octobre 2025 &#8211; 17 Janvier 2026. Congés : Vendredi 17 Octobre 2025 ; samedi 1er Novembre 2025 ; mardi 18 novembre 2025. Célébration de la Dignité : Vendredi 19 Décembre 2025. Congé lundi 22 Décembre 2025 – lundi 5 Janvier 2026. La lire &hellip; Continue reading &rarr;

Université de la Fondation Dr Aristide
